{"id":81,"date":"2017-06-01T11:51:40","date_gmt":"2017-06-01T09:51:40","guid":{"rendered":"http:\/\/medecinechinoise-massage.com\/?page_id=81"},"modified":"2017-06-21T12:51:57","modified_gmt":"2017-06-21T10:51:57","slug":"les-points-dacupuncture","status":"publish","type":"page","link":"http:\/\/medecinechinoise-massage.com\/index.php\/les-points-dacupuncture\/","title":{"rendered":"Les points d\u2019acupuncture"},"content":{"rendered":"<div class=\"csRow\">\n<div class=\"csColumnGap\" style=\"margin: 0px; padding: 0px; float: left; width: 1.56%;\"><img src=\"http:\/\/medecinechinoise-massage.com\/wp-content\/plugins\/advanced-wp-columns\/assets\/js\/plugins\/views\/img\/1x1-pixel.png\" \/><\/div>\n<div class=\"csColumn\" style=\"margin: 0px; padding: 0px; float: left; width: 47.7%;\" data-csstartpoint=\"15\" data-csendpoint=\"472.5\" data-cswidth=\"47.7%\" data-csid=\"7db47e90-2f7f-00b7-8d24-18eb61719536\">\n<p>Les points d\u2019acupuncture correspondent \u00e0 des points pr\u00e9cis de la peau. La stimulation de ces points permet d\u2019aider l\u2019organisme \u00e0 lutter contre une pathologie ou \u00e0 renforcer certaines parties du corps dans un but pr\u00e9ventif.<\/p>\n<p>Il existe pr\u00e8s de 2000 points d\u2019acupuncture mais les plus connus et les plus utilis\u00e9s sont au nombre de 368. Ils sont situ\u00e9s le long de douze m\u00e9ridiens qui forment un r\u00e9seau de canaux par lequel circule l\u2019\u00e9nergie dans l\u2019organisme, maintenant ainsi l\u2019\u00e9quilibre du corps dans son ensemble (<em>hom\u00e9ostasie<\/em>).<\/p>\n<p>Ils parcourent la t\u00eate, le tronc, l\u2019abdomen, les membres et sont en relation avec les organes\u00a0; chaque point ayant une fonction sp\u00e9cifique dans le corps. Ainsi, la stimulation de ces points cr\u00e9e des effets particuliers sur les muscles, les tissus, les organes et les cellules.<\/p>\n<p>Les points d\u2019acupuncture sont g\u00e9n\u00e9ralement associ\u00e9s \u00e0 l\u2019utilisation d\u2019aiguilles. Toutefois, d\u2019autres m\u00e9thodes permettent de les stimuler telles que la moxibustion (moxa) et l\u2019acupression.<\/p>\n<\/div>\n<div class=\"csColumnGap\" style=\"margin: 0px; padding: 0px; float: left; width: 1.56%;\"><img src=\"http:\/\/medecinechinoise-massage.com\/wp-content\/plugins\/advanced-wp-columns\/assets\/js\/plugins\/views\/img\/1x1-pixel.png\" \/><\/div>\n<div class=\"csColumn\" style=\"margin: 0px; padding: 0px; float: left; width: 47.7%;\" data-csstartpoint=\"487.5\" data-csendpoint=\"945\" data-cswidth=\"47.7%\" data-csid=\"d6ea27bf-91cf-af82-85c7-86d2997f7286\">\n<p style=\"text-align: center;\"><img loading=\"lazy\" class=\"aligncenter size-medium wp-image-302\" src=\"http:\/\/medecinechinoise-massage.com\/wp-content\/uploads\/2017\/06\/Me\u0301decine-chinoise-Image-de-tous-les-me\u0301ridiens-de-dos-149x300.jpg\" alt=\"\" width=\"149\" height=\"300\" srcset=\"http:\/\/medecinechinoise-massage.com\/wp-content\/uploads\/2017\/06\/Me\u0301decine-chinoise-Image-de-tous-les-me\u0301ridiens-de-dos-149x300.jpg 149w, http:\/\/medecinechinoise-massage.com\/wp-content\/uploads\/2017\/06\/Me\u0301decine-chinoise-Image-de-tous-les-me\u0301ridiens-de-dos-768x1550.jpg 768w, http:\/\/medecinechinoise-massage.com\/wp-content\/uploads\/2017\/06\/Me\u0301decine-chinoise-Image-de-tous-les-me\u0301ridiens-de-dos-507x1024.jpg 507w, http:\/\/medecinechinoise-massage.com\/wp-content\/uploads\/2017\/06\/Me\u0301decine-chinoise-Image-de-tous-les-me\u0301ridiens-de-dos.jpg 882w\" sizes=\"(max-width: 149px) 100vw, 149px\" \/><\/p>\n<\/div>\n<div class=\"csColumnGap\" style=\"margin: 0px; padding: 0px; float: left; width: 1.56%;\"><img src=\"http:\/\/medecinechinoise-massage.com\/wp-content\/plugins\/advanced-wp-columns\/assets\/js\/plugins\/views\/img\/1x1-pixel.png\" \/><\/div>\n<div style=\"clear: both; float: none; display: block; visibility: hidden; width: 0px; font-size: 0px; line-height: 0;\"><\/div>\n<\/div>\n<p>&nbsp;<\/p>\n","protected":false},"excerpt":{"rendered":"<p>Les points d\u2019acupuncture correspondent \u00e0 des points pr\u00e9cis de la peau. La stimulation de ces points permet d\u2019aider l\u2019organisme \u00e0 lutter contre une pathologie ou \u00e0 renforcer certaines parties du corps dans un but pr\u00e9ventif. Il existe pr\u00e8s de 2000 points d\u2019acupuncture mais les plus connus et les plus utilis\u00e9s sont au nombre de 368. Ils sont situ\u00e9s le long de douze m\u00e9ridiens qui forment un r\u00e9seau de canaux par lequel circule l\u2019\u00e9nergie dans l\u2019organisme, maintenant ainsi l\u2019\u00e9quilibre du corps<a class=\"more-link\" href=\"http:\/\/medecinechinoise-massage.com\/index.php\/les-points-dacupuncture\/\">Read More<span>&#8594;<\/span><\/a><\/p>\n","protected":false},"author":1,"featured_media":0,"parent":0,"menu_order":0,"comment_status":"closed","ping_status":"closed","template":"template-full-width.php","meta":[],"_links":{"self":[{"href":"http:\/\/medecinechinoise-massage.com\/index.php\/wp-json\/wp\/v2\/pages\/81"}],"collection":[{"href":"http:\/\/medecinechinoise-massage.com\/index.php\/wp-json\/wp\/v2\/pages"}],"about":[{"href":"http:\/\/medecinechinoise-massage.com\/index.php\/wp-json\/wp\/v2\/types\/page"}],"author":[{"embeddable":true,"href":"http:\/\/medecinechinoise-massage.com\/index.php\/wp-json\/wp\/v2\/users\/1"}],"replies":[{"embeddable":true,"href":"http:\/\/medecinechinoise-massage.com\/index.php\/wp-json\/wp\/v2\/comments?post=81"}],"version-history":[{"count":5,"href":"http:\/\/medecinechinoise-massage.com\/index.php\/wp-json\/wp\/v2\/pages\/81\/revisions"}],"predecessor-version":[{"id":240,"href":"http:\/\/medecinechinoise-massage.com\/index.php\/wp-json\/wp\/v2\/pages\/81\/revisions\/240"}],"wp:attachment":[{"href":"http:\/\/medecinechinoise-massage.com\/index.php\/wp-json\/wp\/v2\/media?parent=81"}],"curies":[{"name":"wp","href":"https:\/\/api.w.org\/{rel}","templated":true}]}}