{"id":71,"date":"2017-06-01T11:36:47","date_gmt":"2017-06-01T09:36:47","guid":{"rendered":"http:\/\/medecinechinoise-massage.com\/?page_id=71"},"modified":"2017-06-21T08:23:36","modified_gmt":"2017-06-21T06:23:36","slug":"pourquoi-consulter","status":"publish","type":"page","link":"http:\/\/medecinechinoise-massage.com\/index.php\/pourquoi-consulter\/","title":{"rendered":"Pourquoi consulter ?"},"content":{"rendered":"<p>Outre la curiosit\u00e9, qui n\u2019a jamais \u00e9t\u00e9 un vilain d\u00e9faut, plusieurs raisons peuvent pousser quelqu\u2019un a consulter un praticien en sant\u00e9 naturelle travaillant selon les principes de la M\u00e9decine Traditionnelle Chinoise\u00a0:<\/p>\n<ul>\n<li>Les troubles psycho-\u00e9motionnels (stress, burn-out, angoisses, etc.)<\/li>\n<li>Les douleurs chroniques<\/li>\n<li>Les douleurs musculaires et articulaires<\/li>\n<li>Les troubles circulatoires<\/li>\n<li>Le r\u00e9gime alimentaire, les troubles li\u00e9s au poids<\/li>\n<li>Les troubles digestifs<\/li>\n<li>Le sommeil<\/li>\n<li>La fatigue chronique<\/li>\n<li>Les changements de saison<\/li>\n<li>etc&#8230;<\/li>\n<\/ul>\n","protected":false},"excerpt":{"rendered":"<p>Outre la curiosit\u00e9, qui n\u2019a jamais \u00e9t\u00e9 un vilain d\u00e9faut, plusieurs raisons peuvent pousser quelqu\u2019un a consulter un praticien en sant\u00e9 naturelle travaillant selon les principes de la M\u00e9decine Traditionnelle Chinoise\u00a0: Les troubles psycho-\u00e9motionnels (stress, burn-out, angoisses, etc.) Les douleurs chroniques Les douleurs musculaires et articulaires Les troubles circulatoires Le r\u00e9gime alimentaire, les troubles li\u00e9s au poids Les troubles digestifs Le sommeil La fatigue chronique Les changements de saison etc&#8230;<\/p>\n","protected":false},"author":1,"featured_media":0,"parent":0,"menu_order":0,"comment_status":"closed","ping_status":"closed","template":"template-full-width.php","meta":[],"_links":{"self":[{"href":"http:\/\/medecinechinoise-massage.com\/index.php\/wp-json\/wp\/v2\/pages\/71"}],"collection":[{"href":"http:\/\/medecinechinoise-massage.com\/index.php\/wp-json\/wp\/v2\/pages"}],"about":[{"href":"http:\/\/medecinechinoise-massage.com\/index.php\/wp-json\/wp\/v2\/types\/page"}],"author":[{"embeddable":true,"href":"http:\/\/medecinechinoise-massage.com\/index.php\/wp-json\/wp\/v2\/users\/1"}],"replies":[{"embeddable":true,"href":"http:\/\/medecinechinoise-massage.com\/index.php\/wp-json\/wp\/v2\/comments?post=71"}],"version-history":[{"count":2,"href":"http:\/\/medecinechinoise-massage.com\/index.php\/wp-json\/wp\/v2\/pages\/71\/revisions"}],"predecessor-version":[{"id":268,"href":"http:\/\/medecinechinoise-massage.com\/index.php\/wp-json\/wp\/v2\/pages\/71\/revisions\/268"}],"wp:attachment":[{"href":"http:\/\/medecinechinoise-massage.com\/index.php\/wp-json\/wp\/v2\/media?parent=71"}],"curies":[{"name":"wp","href":"https:\/\/api.w.org\/{rel}","templated":true}]}}