{"id":109,"date":"2017-06-01T12:10:50","date_gmt":"2017-06-01T10:10:50","guid":{"rendered":"http:\/\/medecinechinoise-massage.com\/?page_id=109"},"modified":"2017-06-21T09:23:41","modified_gmt":"2017-06-21T07:23:41","slug":"massage-du-ventre-viscerale","status":"publish","type":"page","link":"http:\/\/medecinechinoise-massage.com\/index.php\/massage-du-ventre-viscerale\/","title":{"rendered":"Massage du ventre (Visc\u00e9ral)"},"content":{"rendered":"<div class=\"csRow\">\n<div class=\"csColumnGap\" style=\"margin: 0px; padding: 0px; float: left; width: 1.56%;\"><img src=\"http:\/\/medecinechinoise-massage.com\/wp-content\/plugins\/advanced-wp-columns\/assets\/js\/plugins\/views\/img\/1x1-pixel.png\" \/><\/div>\n<div class=\"csColumn\" style=\"margin: 0px; padding: 0px; float: left; width: 47.7%;\" data-csstartpoint=\"15\" data-csendpoint=\"472.5\" data-cswidth=\"47.7%\" data-csid=\"3526837f-1955-2962-998e-9ceff23942d5\">\n<p>Des \u00e9tudes s\u00e9rieuses d\u00e9montrent l&rsquo;\u00e9troite liaison entre notre cerveau et notre abdomen, \u00e0 tel point que l&rsquo;on peut qualifier ce dernier de \u00ab second cerveau \u00bb. La M\u00e9decine Traditionnelle Chinoise consid\u00e8re depuis des si\u00e8cles son importance et y apporte une attention sp\u00e9cifique dans le maintien de l\u2019\u00e9quilibre physique et mental. Il est le si\u00e8ge des\u00a0\u00e9motions et des\u00a0humeurs\u00a0mais aussi de la circulation g\u00e9n\u00e9rale sanguine et lymphatique (liquide lymphatique, sucs digestifs&#8230;) qui y circulent donc plus ou moins bien, mais le massage ventral peut y rem\u00e9dier.<\/p>\n<p>Le massage ventral peux en effet soulager plusieurs maux li\u00e9s au ventre, tels que le stress, les douleurs abdominales, la cellulite, etc.<\/p>\n<\/div>\n<div class=\"csColumnGap\" style=\"margin: 0px; padding: 0px; float: left; width: 1.56%;\"><img src=\"http:\/\/medecinechinoise-massage.com\/wp-content\/plugins\/advanced-wp-columns\/assets\/js\/plugins\/views\/img\/1x1-pixel.png\" \/><\/div>\n<div class=\"csColumn\" style=\"margin: 0px; padding: 0px; float: left; width: 47.7%;\" data-csstartpoint=\"487.5\" data-csendpoint=\"945\" data-cswidth=\"47.7%\" data-csid=\"fb3c1460-756d-4e06-bd8b-8c6a73cbc106\">\n<p><img loading=\"lazy\" class=\"aligncenter size-medium wp-image-195\" src=\"http:\/\/medecinechinoise-massage.com\/wp-content\/uploads\/2017\/06\/massage-du-ventre-300x184.jpg\" alt=\"\" width=\"300\" height=\"184\" srcset=\"http:\/\/medecinechinoise-massage.com\/wp-content\/uploads\/2017\/06\/massage-du-ventre-300x184.jpg 300w, http:\/\/medecinechinoise-massage.com\/wp-content\/uploads\/2017\/06\/massage-du-ventre.jpg 563w\" sizes=\"(max-width: 300px) 100vw, 300px\" \/><\/p>\n<\/div>\n<div class=\"csColumnGap\" style=\"margin: 0px; padding: 0px; float: left; width: 1.56%;\"><img src=\"http:\/\/medecinechinoise-massage.com\/wp-content\/plugins\/advanced-wp-columns\/assets\/js\/plugins\/views\/img\/1x1-pixel.png\" \/><\/div>\n<div style=\"clear: both; float: none; display: block; visibility: hidden; width: 0px; font-size: 0px; line-height: 0;\"><\/div>\n<\/div>\n<p>&nbsp;<\/p>\n","protected":false},"excerpt":{"rendered":"<p>Des \u00e9tudes s\u00e9rieuses d\u00e9montrent l&rsquo;\u00e9troite liaison entre notre cerveau et notre abdomen, \u00e0 tel point que l&rsquo;on peut qualifier ce dernier de \u00ab second cerveau \u00bb. La M\u00e9decine Traditionnelle Chinoise consid\u00e8re depuis des si\u00e8cles son importance et y apporte une attention sp\u00e9cifique dans le maintien de l\u2019\u00e9quilibre physique et mental. Il est le si\u00e8ge des\u00a0\u00e9motions et des\u00a0humeurs\u00a0mais aussi de la circulation g\u00e9n\u00e9rale sanguine et lymphatique (liquide lymphatique, sucs digestifs&#8230;) qui y circulent donc plus ou moins bien, mais le massage<a class=\"more-link\" href=\"http:\/\/medecinechinoise-massage.com\/index.php\/massage-du-ventre-viscerale\/\">Read More<span>&#8594;<\/span><\/a><\/p>\n","protected":false},"author":1,"featured_media":0,"parent":0,"menu_order":0,"comment_status":"closed","ping_status":"closed","template":"template-full-width.php","meta":[],"_links":{"self":[{"href":"http:\/\/medecinechinoise-massage.com\/index.php\/wp-json\/wp\/v2\/pages\/109"}],"collection":[{"href":"http:\/\/medecinechinoise-massage.com\/index.php\/wp-json\/wp\/v2\/pages"}],"about":[{"href":"http:\/\/medecinechinoise-massage.com\/index.php\/wp-json\/wp\/v2\/types\/page"}],"author":[{"embeddable":true,"href":"http:\/\/medecinechinoise-massage.com\/index.php\/wp-json\/wp\/v2\/users\/1"}],"replies":[{"embeddable":true,"href":"http:\/\/medecinechinoise-massage.com\/index.php\/wp-json\/wp\/v2\/comments?post=109"}],"version-history":[{"count":3,"href":"http:\/\/medecinechinoise-massage.com\/index.php\/wp-json\/wp\/v2\/pages\/109\/revisions"}],"predecessor-version":[{"id":263,"href":"http:\/\/medecinechinoise-massage.com\/index.php\/wp-json\/wp\/v2\/pages\/109\/revisions\/263"}],"wp:attachment":[{"href":"http:\/\/medecinechinoise-massage.com\/index.php\/wp-json\/wp\/v2\/media?parent=109"}],"curies":[{"name":"wp","href":"https:\/\/api.w.org\/{rel}","templated":true}]}}